 174. Let s be z(-19). Let y = r - s. Is y a prime number?
True
Suppose 20*n - 755477 = 185303. Is n a composite number?
True
Suppose -2*a - 2318 = -9498. Let p = a + -2151. Is p composite?
False
Suppose 3*k - 20 = -x, -26 = -5*k - 2*x + 9. Suppose -k*w - 3*b - 11376 = -8*w, -b = -4*w + 15171. Is w a prime number?
True
Let s be 0*(-1)/(2/1). Suppose s = -t + 6823 + 5940. Is t composite?
False
Suppose 15*d - 36 = 6*d. Suppose 5*u - d*x + 109 = 0, -5*x + 67 = -3*u - x. Let z(h) = h**3 + 22*h**2 - 26. Is z(u) prime?
False
Let k(g) = -98*g**3 + 2*g**2 - 36*g + 61. Is k(-16) a prime number?
False
Is ((-6)/33)/((-114)/69240237) composite?
False
Let t(k) = 10*k**2 - 19*k + 38. Let u = 173 - 162. Is t(u) a composite number?
False
Let s(v) = 2*v**2 - 25*v - 9. Let l be s(13). Is ((-2)/l + -2)*(-100824)/60 composite?
False
Suppose 12*c = 10*c - 4*u - 24, -2*u + 18 = -4*c. Let v(h) be the first derivative of -h**4/4 - 2*h**3/3 + 7*h**2/2 + 4*h + 2. Is v(c) prime?
False
Let b = 5 + -76. Let i = 191 + b. Let m = i + 103. Is m prime?
True
Let v(y) = 96*y - 6. Let w(j) = -96*j + 5. Let z(r) = 4*v(r) + 3*w(r). Let u(t) = t**2 - 7*t + 5. Let o be u(7). Is z(o) composite?
True
Let x be (-2)/3*-9 + -2. Let y be (5 + 1)/((-36)/(-54)). Suppose -x*i + y*i - 5365 = 0. Is i prime?
False
Suppose 11*l = 10*l + 6*l. Suppose l*o = 3*d - 3*o - 513, 0 = -d + 2*o + 176. Is d a composite number?
True
Let n(z) = -z + 19. Let o be n(25). Is (-1758)/(9/3 + o) composite?
True
Suppose -24*w - 60*w = -28*w - 330232. Is w prime?
True
Let d = -55472 + 311491. Is d prime?
True
Let c(o) = -11998*o**3 - 9*o**2 - 20*o - 1. Is c(-2) prime?
True
Let b be 2/4*(-3 + (9 - 6)). Let l be -1 - b - (1422 - -5). Is (6 - 3) + 1/((-2)/l) composite?
True
Let d(v) = 64773*v - 42. Is d(1) a prime number?
False
Let h(y) = y**2 + 14*y + 20. Let t(f) = -f**2 + 20*f + 56. Let a be t(23). Let l be h(a). Is l/(-28) + -2*5066/(-16) a prime number?
False
Let m = 3813 - -3027. Let t = 15107 - m. Is t a prime number?
False
Suppose 2*t - 2*f - 576904 = 0, 62*t - 67*t + 1442197 = 4*f. Is t prime?
False
Let m(c) = c**3 - c**2 - 14*c + 11082. Let o be m(0). Suppose -66*h = -60*h - o. Is h composite?
False
Let c be (-6)/8 - -1 - (-372)/48. Suppose -6531 = c*o - 29*o. Is o composite?
False
Suppose d - 4*d = 41676. Let i be 2*d/(-40) - (-10)/25. Suppose i = k + 224. Is k composite?
True
Suppose -3*v + 740 + 1144 = 0. Let p(a) = a**3 - 11*a**2 - 11*a - 3. Let b be p(6). Let m = v + b. Is m prime?
True
Let m be 2 + 6/(-1) + -37. Let y = 41 + m. Suppose 0 = -2*d + 2*x + 16, y = -3*d - 0*x - x + 44. Is d composite?
False
Let n(m) = -154*m**3 - 29*m**2 - 100*m + 44. Is n(-15) prime?
True
Suppose 3*y + 10220 = -y. Let b = 2378 - 6894. Let r = y - b. Is r a prime number?
False
Let t = 67250 - 28093. Is t a prime number?
True
Let l be (97/2)/((-13)/(-26)). Let b = -74 - l. Let v = -22 - b. Is v a composite number?
False
Suppose -114179 = -4*i + 92505. Let j = -34088 + i. Is j composite?
True
Suppose 18 = 14*x - 17*x. Is (x/(-7))/(-3) - (-44065)/49 a prime number?
False
Let u(x) = 60*x**2 + 31*x - 439. Is u(44) a composite number?
True
Let x = 988 + -195. Let h = x - -4374. Is h a prime number?
True
Is (97523*1/(-2))/(((-888)/48)/37) a prime number?
True
Suppose -105 = -6*j + 3*j. Is ((-30050)/(-14) + 20/j)/1 a prime number?
False
Let l = -44057 - -102186. Is l a composite number?
False
Let h = 783 - -8510. Is h a prime number?
True
Suppose -7*m = m - 32. Suppose -4*l - m*t + 26904 = 0, -4*t + 20188 = 3*l - 3*t. Is l prime?
False
Suppose -4*u + 398658 = -5*x - 59616, 4*x = -4*u + 458292. Is u a composite number?
False
Let c(f) be the first derivative of 1670*f**3/3 + 16*f**2 + 55*f + 127. Is c(-2) a composite number?
True
Let s = 23 + -10. Let k(u) = -25*u**3 - s*u**2 - 2 + 3*u + 26*u**2 - 7*u**3 - 12*u**2. Is k(-3) a prime number?
False
Is (-2)/(4/2 - 2778088/1388977) a composite number?
False
Suppose -9*t = -43 + 7. Let p be 29/(t/(-3 - 1)). Let o = p + 220. Is o a composite number?
False
Suppose -p + 3 = 2*p, 0 = -2*w - 4*p + 324. Suppose -4*r + 5*r + w = 0. Let v = 383 + r. Is v prime?
True
Suppose -40*q - 3133591 + 5237986 + 8885165 = 0. Is q a composite number?
False
Let z = 575 - 271. Let q be 4/(-10) + 549/(-15). Let s = z - q. Is s composite?
True
Let v(i) = 5235*i**3 - 164*i**2 + 7*i - 31. Is v(6) composite?
False
Suppose 1666557 = 94*h + 864241 - 20883578. Is h prime?
False
Let j(l) = 69*l**2 + 6*l - 4. Let d(y) = 70*y**2 + 6*y - 3. Let t(p) = -3*d(p) + 4*j(p). Suppose 4*u = -24, -14*a + 13*a - 4*u = 30. Is t(a) prime?
True
Suppose -3*a + 5*m = -4468, -4*a + 4*m = a - 7464. Let h = 2165 - a. Is h composite?
True
Suppose -q = 9*b - 14*b - 3484, 14036 = 4*q + 5*b. Suppose 3*o - 3*p = q, -o + 3*p + 997 + 165 = 0. Is o composite?
False
Suppose -21676*h - 889040 = -21692*h. Is h a prime number?
False
Suppose -2*s = 4*t - 228, -4*s - 75 = -3*t + 74. Suppose -t*f + 2539782 = -f. Is f a prime number?
False
Let c be (24/(-4) + 3)/(3/38). Let f = -35 - c. Is 1/(1/609*f) prime?
False
Let g = -7916 + 15723. Is g a composite number?
True
Suppose 0 = -3*i + 3*t - 8*t + 24, -4*i + 27 = 5*t. Suppose -5*n - 2942 = -3*r, -i*n + n - 2 = 0. Let w = r + -81. Is w a composite number?
True
Suppose -81*n + 82*n = 14. Suppose -n*b + 789 = -11*b. Is b a composite number?
False
Suppose -115*y + 5*h + 1533116 = -111*y, -h + 1149799 = 3*y. Is y prime?
False
Let r be (2 + 1)*(-1)/3. Let x = r + -3. Is (-1 - (-92 - x)) + -4 composite?
False
Suppose -3*l = -b + 29, 2*b + 7 = -4*l + 35. Let x be ((-144)/b)/((-3)/140). Let a = x + -221. Is a composite?
True
Suppose -2*y - y + 120 = 3*z, 2*z - y = 71. Let u = 36 - z. Is 2/(-8) - u/((-8)/(-10554)) prime?
True
Suppose -a = 3*j - 22268, -226*a + 222*a + 89044 = -2*j. Is a prime?
False
Let u(w) = -64*w - 142*w + 64*w - 15. Let p(g) = -g + 1. Let f(l) = -6*p(l) + u(l). Is f(-5) a prime number?
True
Let v = 460 - 456. Suppose -v*i - 2*a = -24526, 3*i + 2*a - 5*a - 18390 = 0. Is i a composite number?
False
Suppose -6*q + 10*q - 1956 = 0. Suppose -2*l + 809 = -q. Is l a prime number?
False
Let u(i) = 16040*i - 5431. Is u(36) a prime number?
False
Let m be (-5)/3*84/14*-1. Suppose -m*w = -6*w + 4, -4*q + 4*w = -43848. Is q prime?
False
Suppose -c = -5*f + 31, -29 = -3*f + 6*c - 8*c. Suppose f*i = -23*i + 77430. Is i prime?
False
Suppose -2*t = -r - 7*t + 1105669, 0 = -5*r + 2*t + 5528345. Is r composite?
False
Let h(l) = -l**3 - 4*l**2 + 23*l + 104. Let c be h(-6). Suppose 6965 = -c*r + 43*r. Is r prime?
False
Let r(z) = -z**3 - 93*z**2 - 67*z - 39. Is r(-116) a composite number?
True
Let r be (-1)/(-2)*-10 - -1. Let x be 120084/14 - (72/(-42))/r. Suppose -23*y + 20*y = -x. Is y prime?
False
Let g be (-2 + 0)/(-10) - (-56)/(-280). Suppose g = -6*a + 123408 - 12810. Is a composite?
False
Let l = 325 + -46. Let o = l - 116. Is o composite?
False
Let g(r) = 11*r - 6*r**2 + 158 - 5*r**2 + 12*r**2 + 4*r**2. Is g(-19) a prime number?
False
Let o = 77 - 75. Let h(l) = 8*l + 6*l - 2*l - 2*l**o + 4*l - 2*l**3 - 7. Is h(-6) prime?
True
Let y be (-3 + (-28)/(-10))*5. Is (y - -5043)/(-2)*-1*1 a prime number?
True
Let g = -5 - 7. Let c(u) = -u + 4. Let i be c(g). Let l(f) = -f**3 + 16*f**2 + 4*f - 17. Is l(i) composite?
False
Let n(k) = -3*k**3 - 71*k**2 + 23*k + 4. Let d be n(-24). Suppose -d*l = -37*l + 77373. Is l composite?
False
Let p(b) = 2*b**2 + 15*b - 14. Let r be p(-8). Is 94/r*(5 - -1 - 45) a prime number?
False
Let i be 11 - (-3 + 5 - 5). Suppose w = -5*p + 5, 3*p + 4*w + i = -0*p. Suppose 0 = -p*x - x + 273. Is x a prime number?
False
Suppose 4*j - 274531 = 15*x, 4*j - 4*x = -2*x + 274622. Is j a composite number?
False
Is ((-8843076)/(-90) + -8)*20/8 a composite number?
False
Suppose 4*s - 120766 = -2*g, 2*s + 34698 + 25665 = g. Is g composite?
False
Let q(d) = 11*d**3 + 3*d**2 + 2*d**3 + 41*d + 0*d**2 + 0*d**2 + 39 - 10*d**2. Is q(14) a prime number?
True
Suppose -5*u + 17 = r + 3, 0 = 3*u - 4*r - 13. Suppose o = 5*g + 13353, 3*o = 2*o + u. Is g/(-4)*12/18 a composite number?
True
Is (2 - -6) + -18 + 8 + 5263 a prime number?
True
Let q(d) = -d**2 + 30*d - 12. Suppose s = -3*n + 19, 5*s + n - 95 = -4*n. Suppose 2*c - r - s - 4 = 0, -c + 2*r = -7. Is q(c) a composite number?
True
Let i(u) = -29669*u + 9.